{"id":123,"date":"2015-03-15T17:37:28","date_gmt":"2015-03-15T17:37:28","guid":{"rendered":"http:\/\/de.esfkosovo.org\/?page_id=123"},"modified":"2024-10-03T13:21:10","modified_gmt":"2024-10-03T13:21:10","slug":"spenden","status":"publish","type":"page","link":"http:\/\/de.esfkosovo.org\/?page_id=123","title":{"rendered":"Jetzt spenden!"},"content":{"rendered":"<p>Oft werden wir gefragt, auf welche Weise man unsere humanit\u00e4re Arbeit unterst\u00fctzen kann. F\u00fcr unsere Missionen ben\u00f6tigen wir eine Vielzahl ganz unterschiedlicher Dinge. Kleidung, Spielsachen, Schulmaterial, Medikamente, Geld. Unsere Arbeit ist ehrenamtlich. Jede Spende erreicht diejenigen, die unserer Unterst\u00fctzung bed\u00fcrfen.<\/p>\n<p>Haben Sie Fragen oder m\u00f6chten uns mit einer Spende unterst\u00fctzen, dann nehmen sie <a title=\"Kontaktformular\" href=\"http:\/\/de.esfkosovo.org\/?page_id=2\">Kontakt<\/a> mit uns auf.<\/p>\n","protected":false},"excerpt":{"rendered":"<p>Oft werden wir gefragt, auf welche Weise man unsere humanit\u00e4re Arbeit unterst\u00fctzen kann. F\u00fcr unsere Missionen ben\u00f6tigen wir eine Vielzahl ganz unterschiedlicher Dinge. Kleidung, Spielsachen, Schulmaterial, Medikamente, Geld. Unsere Arbeit&#8230;<\/p>\n","protected":false},"author":1,"featured_media":0,"parent":0,"menu_order":0,"comment_status":"closed","ping_status":"closed","template":"","meta":{"jetpack_post_was_ever_published":false,"footnotes":""},"class_list":["post-123","page","type-page","status-publish","hentry","entry"],"jetpack_sharing_enabled":true,"jetpack_shortlink":"https:\/\/wp.me\/P5GANn-1Z","_links":{"self":[{"href":"http:\/\/de.esfkosovo.org\/index.php?rest_route=\/wp\/v2\/pages\/123","targetHints":{"allow":["GET"]}}],"collection":[{"href":"http:\/\/de.esfkosovo.org\/index.php?rest_route=\/wp\/v2\/pages"}],"about":[{"href":"http:\/\/de.esfkosovo.org\/index.php?rest_route=\/wp\/v2\/types\/page"}],"author":[{"embeddable":true,"href":"http:\/\/de.esfkosovo.org\/index.php?rest_route=\/wp\/v2\/users\/1"}],"replies":[{"embeddable":true,"href":"http:\/\/de.esfkosovo.org\/index.php?rest_route=%2Fwp%2Fv2%2Fcomments&post=123"}],"version-history":[{"count":9,"href":"http:\/\/de.esfkosovo.org\/index.php?rest_route=\/wp\/v2\/pages\/123\/revisions"}],"predecessor-version":[{"id":1537,"href":"http:\/\/de.esfkosovo.org\/index.php?rest_route=\/wp\/v2\/pages\/123\/revisions\/1537"}],"wp:attachment":[{"href":"http:\/\/de.esfkosovo.org\/index.php?rest_route=%2Fwp%2Fv2%2Fmedia&parent=123"}],"curies":[{"name":"wp","href":"https:\/\/api.w.org\/{rel}","templated":true}]}}